{"id":8737,"date":"2017-03-08T10:30:53","date_gmt":"2017-03-08T10:30:53","guid":{"rendered":"http:\/\/baker.edge-themes.com\/?page_id=8737"},"modified":"2024-07-15T20:38:29","modified_gmt":"2024-07-15T20:38:29","slug":"contact-us","status":"publish","type":"page","link":"http:\/\/simithouse.pl\/index.php\/contact-us\/","title":{"rendered":"KONTAKT"},"content":{"rendered":"<section class=\"wpb-content-wrapper\"><p>[vc_row row_content_width=&#8221;grid&#8221; css=&#8221;.vc_custom_1490867016043{padding-top: 59px !important;padding-bottom: 63px !important;}&#8221;][vc_column]<div class=\"edgtf-elements-holder edgtf-two-columns edgtf-responsive-mode-1024\" ><div class=\"edgtf-eh-item \"  data-item-class=\"edgtf-eh-custom-260884\" data-1280-1600=\"35px 12% 70px 3%\" data-1024-1280=\"44px 12% 70px 3%\" data-768-1024=\"33px 12% 131px 3%\" data-480-600=\"45px 0% 140px 3%\" data-480=\"45px 0% 140px 3%\">\n\t<div class=\"edgtf-eh-item-inner\">\n\t\t<div class=\"edgtf-eh-item-content edgtf-eh-custom-260884\" style=\"padding: 45px 12% 70px 3%\">\n\t\t\t<div class=\"edgtf-section-title-holder\" >\n\t\t\t\t\t<h2 class=\"edgtf-st-title\" style=\"color: #303030;font-weight: 600\">\n\t\t\t<span>NAPISZ DO NAS<\/span>\n\t\t<\/h2>\n\t\t\t\t<p class=\"edgtf-st-text\" style=\"color: #666666;font-size: 16.05px;line-height: 30.09px;font-weight: 300;margin-top: 26px\">Zapraszamy do kontaktu z nasz\u0105 kawiarni\u0105! Jeste\u015bmy tu, aby odpowiedzie\u0107 na wszystkie Twoje pytania, przyj\u0105\u0107 zam\u00f3wienia, zorganizowa\u0107 wydarzenia i upewni\u0107 si\u0119, \u017ce ka\u017cda wizyta w naszej kawiarni jest wyj\u0105tkowa.<\/p>\n\t<\/div>[vc_empty_space height=&#8221;16px&#8221;][vc_column_text]<span style=\"color: #666666; font-size: 14px; line-height: 27px; font-weight: 300;\">Nie czekaj, skontaktuj si\u0119 z nami ju\u017c dzi\u015b! Jeste\u015bmy tu, aby uczyni\u0107 ka\u017cd\u0105 chwil\u0119 sp\u0119dzon\u0105 w naszej kawiarni wyj\u0105tkow\u0105. Do zobaczenia w naszej kawiarni!<\/span><\/p>\n<p><span style=\"color: #666666; font-size: 14px; line-height: 27px; font-weight: 300;\">Email: biuro@simithouse.pl<\/span>[\/vc_column_text][vc_empty_space height=&#8221;42px&#8221;]\t\t<\/div>\n\t<\/div>\n<\/div><div class=\"edgtf-eh-item \"  data-item-class=\"edgtf-eh-custom-214770\" data-768-1024=\"5px 3% 54px 0\" data-480-600=\"5px 3% 65px 0\" data-480=\"5px 3% 65px 0\">\n\t<div class=\"edgtf-eh-item-inner\">\n\t\t<div class=\"edgtf-eh-item-content edgtf-eh-custom-214770\" style=\"padding: 5px 3% 0 0\">\n\t\t\t\n<div class=\"wpcf7 no-js\" id=\"wpcf7-f8-o1\" lang=\"en-US\" dir=\"ltr\" data-wpcf7-id=\"8\">\n<div class=\"screen-reader-response\"><p role=\"status\" aria-live=\"polite\" aria-atomic=\"true\"><\/p> <ul><\/ul><\/div>\n<form action=\"\/index.php\/wp-json\/wp\/v2\/pages\/8737#wpcf7-f8-o1\" method=\"post\" class=\"wpcf7-form init\" aria-label=\"Contact form\" novalidate=\"novalidate\" data-status=\"init\">\n<fieldset class=\"hidden-fields-container\"><input type=\"hidden\" name=\"_wpcf7\" value=\"8\" \/><input type=\"hidden\" name=\"_wpcf7_version\" value=\"6.1.5\" \/><input type=\"hidden\" name=\"_wpcf7_locale\" value=\"en_US\" \/><input type=\"hidden\" name=\"_wpcf7_unit_tag\" value=\"wpcf7-f8-o1\" \/><input type=\"hidden\" name=\"_wpcf7_container_post\" value=\"0\" \/><input type=\"hidden\" name=\"_wpcf7_posted_data_hash\" value=\"\" \/>\n<\/fieldset>\n<p><label> Email (wymagany)<br \/>\n<span class=\"wpcf7-form-control-wrap\" data-name=\"your-email\"><input size=\"40\" maxlength=\"400\" class=\"wpcf7-form-control wpcf7-email wpcf7-validates-as-required wpcf7-text wpcf7-validates-as-email\" aria-required=\"true\" aria-invalid=\"false\" value=\"\" type=\"email\" name=\"your-email\" \/><\/span> <\/label>\n<\/p>\n<p><label> Wiadomo\u015b\u0107<br \/>\n<span class=\"wpcf7-form-control-wrap\" data-name=\"your-message\"><textarea cols=\"40\" rows=\"10\" maxlength=\"2000\" class=\"wpcf7-form-control wpcf7-textarea\" aria-invalid=\"false\" name=\"your-message\"><\/textarea><\/span> <\/label>\n<\/p>\n<p><label> <span class=\"wpcf7-form-control-wrap\" data-name=\"acceptance-579\"><span class=\"wpcf7-form-control wpcf7-acceptance\"><span class=\"wpcf7-list-item\"><input type=\"checkbox\" name=\"acceptance-579\" value=\"1\" aria-invalid=\"false\" \/><\/span><\/span><\/span> Wyra\u017cam zgod\u0119 na przetwarzanie danych osobowych zgodnie z ustaw\u0105 o ochronie danych osobowych w zwi\u0105zku z wys\u0142aniem zapytania przez formularz kontaktowy. Podanie danych jest dobrowolne, ale niezb\u0119dne do przetworzenia zapytania. Zosta\u0142em poinformowany, \u017ce przys\u0142uguje mi prawo dost\u0119pu do swoich danych, mo\u017cliwo\u015bci ich poprawiania, \u017c\u0105dania zaprzestania ich przetwarzania. Administratorem danych osobowych jest Simit House.<\/label>\n<\/p>\n<p><input class=\"wpcf7-form-control wpcf7-submit has-spinner\" type=\"submit\" value=\"Wy\u015blij\" \/>\n<\/p><div class=\"wpcf7-response-output\" aria-hidden=\"true\"><\/div>\n<\/form>\n<\/div>\n\t\t<\/div>\n\t<\/div>\n<\/div><\/div>[\/vc_column][\/vc_row][vc_row][vc_column][vc_raw_html]JTVCbWFwc21hcmtlciUyMGxheWVyJTNEJTIyMSUyMiU1RA==[\/vc_raw_html][\/vc_column][\/vc_row]<\/p>\n<\/section>","protected":false},"excerpt":{"rendered":"<p>[vc_row row_content_width=&#8221;grid&#8221; css=&#8221;.vc_custom_1490867016043{padding-top: 59px !important;padding-bottom: 63px !important;}&#8221;][vc_column][\/vc_column][\/vc_row][vc_row][vc_column][vc_raw_html]JTVCbWFwc21hcmtlciUyMGxheWVyJTNEJTIyMSUyMiU1RA==[\/vc_raw_html][\/vc_column][\/vc_row]<\/p>\n","protected":false},"author":1,"featured_media":0,"parent":0,"menu_order":0,"comment_status":"closed","ping_status":"closed","template":"full-width.php","meta":{"footnotes":""},"class_list":["post-8737","page","type-page","status-publish","hentry"],"_links":{"self":[{"href":"http:\/\/simithouse.pl\/index.php\/wp-json\/wp\/v2\/pages\/8737","targetHints":{"allow":["GET"]}}],"collection":[{"href":"http:\/\/simithouse.pl\/index.php\/wp-json\/wp\/v2\/pages"}],"about":[{"href":"http:\/\/simithouse.pl\/index.php\/wp-json\/wp\/v2\/types\/page"}],"author":[{"embeddable":true,"href":"http:\/\/simithouse.pl\/index.php\/wp-json\/wp\/v2\/users\/1"}],"replies":[{"embeddable":true,"href":"http:\/\/simithouse.pl\/index.php\/wp-json\/wp\/v2\/comments?post=8737"}],"version-history":[{"count":10,"href":"http:\/\/simithouse.pl\/index.php\/wp-json\/wp\/v2\/pages\/8737\/revisions"}],"predecessor-version":[{"id":11523,"href":"http:\/\/simithouse.pl\/index.php\/wp-json\/wp\/v2\/pages\/8737\/revisions\/11523"}],"wp:attachment":[{"href":"http:\/\/simithouse.pl\/index.php\/wp-json\/wp\/v2\/media?parent=8737"}],"curies":[{"name":"wp","href":"https:\/\/api.w.org\/{rel}","templated":true}]}}