{"id":8772,"date":"2017-03-08T11:54:37","date_gmt":"2017-03-08T11:54:37","guid":{"rendered":"http:\/\/baker.edge-themes.com\/?page_id=8772"},"modified":"2024-07-17T10:55:51","modified_gmt":"2024-07-17T10:55:51","slug":"reservation","status":"publish","type":"page","link":"http:\/\/simithouse.pl\/index.php\/reservation\/","title":{"rendered":"Rezerwacja"},"content":{"rendered":"<section class=\"wpb-content-wrapper\"><p>[vc_row css=&#8221;.vc_custom_1488975318814{padding-top: 59px !important;background-color: #f6f6f6 !important;}&#8221;][vc_column][vc_row_inner row_content_width=&#8221;grid&#8221;][vc_column_inner]<div class=\"edgtf-elements-holder edgtf-one-column edgtf-responsive-mode-768\" ><div class=\"edgtf-eh-item \"  data-item-class=\"edgtf-eh-custom-365068\" data-1280-1600=\"35px 12% 70px 3%\" data-1024-1280=\"14px 3% 70px 3%\" data-768-1024=\"33px 12% 131px 3%\" data-480-600=\"45px 0% 140px 3%\" data-480=\"45px 0% 140px 3%\">\n\t<div class=\"edgtf-eh-item-inner\">\n\t\t<div class=\"edgtf-eh-item-content edgtf-eh-custom-365068\" style=\"padding: 10px 12% 70px 3%\">\n\t\t\t<div class=\"edgtf-section-title-holder\" >\n\t\t\t\t\t<h2 class=\"edgtf-st-title\" style=\"color: #303030;font-weight: 600\">\n\t\t\t<span>WY\u015aLIJ PRO\u015aB\u0118 O REZERWACJ\u0118<\/span>\n\t\t<\/h2>\n\t\t<\/div>[vc_empty_space height=&#8221;16px&#8221;]\n<div class=\"wpcf7 no-js\" id=\"wpcf7-f11536-o1\" lang=\"pl-PL\" dir=\"ltr\" data-wpcf7-id=\"11536\">\n<div class=\"screen-reader-response\"><p role=\"status\" aria-live=\"polite\" aria-atomic=\"true\"><\/p> <ul><\/ul><\/div>\n<form action=\"\/index.php\/wp-json\/wp\/v2\/pages\/8772#wpcf7-f11536-o1\" method=\"post\" class=\"wpcf7-form init cf7_custom_style_3\" aria-label=\"Formularz kontaktowy\" novalidate=\"novalidate\" data-status=\"init\">\n<fieldset class=\"hidden-fields-container\"><input type=\"hidden\" name=\"_wpcf7\" value=\"11536\" \/><input type=\"hidden\" name=\"_wpcf7_version\" value=\"6.1.5\" \/><input type=\"hidden\" name=\"_wpcf7_locale\" value=\"pl_PL\" \/><input type=\"hidden\" name=\"_wpcf7_unit_tag\" value=\"wpcf7-f11536-o1\" \/><input type=\"hidden\" name=\"_wpcf7_container_post\" value=\"0\" \/><input type=\"hidden\" name=\"_wpcf7_posted_data_hash\" value=\"\" \/>\n<\/fieldset>\n<p><label> Podaj imi\u0119<br \/>\n<span class=\"wpcf7-form-control-wrap\" data-name=\"your-name\"><input size=\"40\" maxlength=\"400\" class=\"wpcf7-form-control wpcf7-text wpcf7-validates-as-required\" aria-required=\"true\" aria-invalid=\"false\" value=\"\" type=\"text\" name=\"your-name\" \/><\/span> <\/label>\n<\/p>\n<p><label> Podaj sw\u00f3j adres e-mail<br \/>\n<span class=\"wpcf7-form-control-wrap\" data-name=\"your-email\"><input size=\"40\" maxlength=\"400\" class=\"wpcf7-form-control wpcf7-email wpcf7-validates-as-required wpcf7-text wpcf7-validates-as-email\" aria-required=\"true\" aria-invalid=\"false\" value=\"\" type=\"email\" name=\"your-email\" \/><\/span> <\/label>\n<\/p>\n<p><label> Podaj sw\u00f3j nr. telefonu<br \/>\n<span class=\"wpcf7-form-control-wrap\" data-name=\"your-phone\"><input size=\"40\" maxlength=\"400\" class=\"wpcf7-form-control wpcf7-text wpcf7-validates-as-required\" aria-required=\"true\" aria-invalid=\"false\" value=\"\" type=\"text\" name=\"your-phone\" \/><\/span> <\/label>\n<\/p>\n<p><label> Liczba os\u00f3b<br \/>\n<span class=\"wpcf7-form-control-wrap\" data-name=\"nr-of-people\"><select class=\"wpcf7-form-control wpcf7-select wpcf7-validates-as-required\" aria-required=\"true\" aria-invalid=\"false\" name=\"nr-of-people\"><option value=\"1\">1<\/option><option value=\"2\">2<\/option><option value=\"3\">3<\/option><option value=\"4\">4<\/option><option value=\"5\">5<\/option><option value=\"6\">6<\/option><option value=\"7\">7<\/option><option value=\"8\">8<\/option><option value=\"9\">9<\/option><option value=\"10\">10<\/option><\/select><\/span> <\/label>\n<\/p>\n<p><label> Restauracja<br \/>\n<span class=\"wpcf7-form-control-wrap\" data-name=\"restaurant\"><select class=\"wpcf7-form-control wpcf7-select wpcf7-validates-as-required\" aria-required=\"true\" aria-invalid=\"false\" name=\"restaurant\"><option value=\"\u015awi\u0119tokrzyska 18\">\u015awi\u0119tokrzyska 18<\/option><option value=\"Aleja KEN 20A\">Aleja KEN 20A<\/option><option value=\"Aleja Rzeczypospolitej 8\/U1\">Aleja Rzeczypospolitej 8\/U1<\/option><option value=\"Sk\u0142adkowskiego 4\/A-05\">Sk\u0142adkowskiego 4\/A-05<\/option><\/select><\/span> <\/label>\n<\/p>\n<p><label> Data<br \/>\n<span class=\"wpcf7-form-control-wrap\" data-name=\"reservation-date\"><input class=\"wpcf7-form-control wpcf7-date wpcf7-validates-as-required wpcf7-validates-as-date\" aria-required=\"true\" aria-invalid=\"false\" value=\"2026-04-17\" type=\"date\" name=\"reservation-date\" \/><\/span> <\/label>\n<\/p>\n<p><label> Godzina<br \/>\n<span class=\"wpcf7-form-control-wrap\" data-name=\"reservation-time\"><select class=\"wpcf7-form-control wpcf7-select wpcf7-validates-as-required\" aria-required=\"true\" aria-invalid=\"false\" name=\"reservation-time\"><option value=\"7:00\">7:00<\/option><option value=\"7:30\">7:30<\/option><option value=\"8:00\">8:00<\/option><option value=\"8:30\">8:30<\/option><option value=\"9:00\">9:00<\/option><option value=\"9:30\">9:30<\/option><option value=\"10:00\">10:00<\/option><option value=\"10:30\">10:30<\/option><option value=\"11:00\">11:00<\/option><option value=\"11:30\">11:30<\/option><option value=\"12:00\">12:00<\/option><option value=\"12:30\">12:30<\/option><option value=\"13:00\">13:00<\/option><option value=\"13:30\">13:30<\/option><option value=\"14:00\">14:00<\/option><option value=\"14:30\">14:30<\/option><option value=\"15:00\">15:00<\/option><option value=\"15:00\">15:00<\/option><option value=\"15:30\">15:30<\/option><option value=\"16:00\">16:00<\/option><option value=\"16:30\">16:30<\/option><option value=\"17:00\">17:00<\/option><option value=\"17:30\">17:30<\/option><option value=\"18:00\">18:00<\/option><option value=\"18:30\">18:30<\/option><option value=\"19:00\">19:00<\/option><option value=\"19:30\">19:30<\/option><option value=\"20:00\">20:00<\/option><option value=\"20:30\">20:30<\/option><option value=\"21:00\">21:00<\/option><option value=\"21:30\">21:30<\/option><option value=\"22:00\">22:00<\/option><option value=\"22:30\">22:30<\/option><option value=\"23:00\">23:00<\/option><option value=\"23:30\">23:30<\/option><option value=\"00:00\">00:00<\/option><option value=\"00:30\">00:30<\/option><option value=\"01:00\">01:00<\/option><\/select><\/span> <\/label>\n<\/p>\n<p><label> <span class=\"wpcf7-form-control-wrap\" data-name=\"acceptance-579\"><span class=\"wpcf7-form-control wpcf7-acceptance\"><span class=\"wpcf7-list-item\"><input type=\"checkbox\" name=\"acceptance-579\" value=\"1\" aria-invalid=\"false\" \/><\/span><\/span><\/span> Wyra\u017cam zgod\u0119 na przetwarzanie danych osobowych zgodnie z ustaw\u0105 o ochronie danych osobowych w zwi\u0105zku z wys\u0142aniem zapytania przez formularz kontaktowy. Podanie danych jest dobrowolne, ale niezb\u0119dne do przetworzenia zapytania. Zosta\u0142em poinformowany, \u017ce przys\u0142uguje mi prawo dost\u0119pu do swoich danych, mo\u017cliwo\u015bci ich poprawiania, \u017c\u0105dania zaprzestania ich przetwarzania. Administratorem danych osobowych jest Simit House.<\/label>\n<\/p>\n<div style=\"text-align:center; margin-top: 16px;\">\n\t<p><input class=\"wpcf7-form-control wpcf7-submit has-spinner\" type=\"submit\" value=\"Wy\u015blij zapytanie\" \/>\n\t<\/p>\n<\/div><div class=\"wpcf7-response-output\" aria-hidden=\"true\"><\/div>\n<\/form>\n<\/div>\n\t\t<\/div>\n\t<\/div>\n<\/div><\/div>[vc_empty_space height=&#8221;50px&#8221;][\/vc_column_inner][\/vc_row_inner][\/vc_column][\/vc_row][vc_row][vc_column css=&#8221;.vc_custom_1488884418942{padding-top: 0px !important;}&#8221;]<div class=\"edgtf-elements-holder edgtf-four-columns edgtf-responsive-mode-1024\" ><div class=\"edgtf-eh-item edgtf-horizontal-alignment-center lazyload\" style=\"background-image:inherit\" data-item-class=\"edgtf-eh-custom-791202\" data-768-1024=\"250px 0 250px 0\" data-480-600=\"181px 0 180px 0\" data-480=\"181px 0 180px 0\" data-bg-image=\"url(http:\/\/simithouse.pl\/wp-content\/uploads\/2024\/07\/283693323_169786432124952_8414852275550365322_n.jpg)\">\n\t<div class=\"edgtf-eh-item-inner\">\n\t\t<div class=\"edgtf-eh-item-content edgtf-eh-custom-791202\" style=\"padding: 138px 0 138px 0\">\n\t\t\t\t\t<\/div>\n\t<\/div>\n<\/div><div class=\"edgtf-eh-item edgtf-vertical-alignment-top edgtf-horizontal-alignment-center\"  data-item-class=\"edgtf-eh-custom-289962\" data-1280-1600=\"43px 0 68px 0\" data-1024-1280=\"50px 0 75px 0\" data-768-1024=\"111px 0 143px 0\" data-600-768=\"107px 0 146px 0\" data-480-600=\"58px 0 69px 0\" data-480=\"58px 0 69px 0\">\n\t<div class=\"edgtf-eh-item-inner\">\n\t\t<div class=\"edgtf-eh-item-content edgtf-eh-custom-289962\" style=\"padding: 0 !important\">\n\t\t\t[vc_raw_html]JTVCbWFwc21hcmtlciUyMGxheWVyJTNEJTIyMSUyMiU1RA==[\/vc_raw_html]\t\t<\/div>\n\t<\/div>\n<\/div><div class=\"edgtf-eh-item edgtf-horizontal-alignment-center lazyload\" style=\"background-image:inherit\" data-item-class=\"edgtf-eh-custom-914146\" data-768-1024=\"250px 0 250px 0\" data-480-600=\"174px 0 187px 0\" data-480=\"174px 0 187px 0\" data-bg-image=\"url(http:\/\/simithouse.pl\/wp-content\/uploads\/2024\/07\/271664550_138441238592805_1230219468854114415_n-scaled.jpg)\">\n\t<div class=\"edgtf-eh-item-inner\">\n\t\t<div class=\"edgtf-eh-item-content edgtf-eh-custom-914146\" style=\"padding: 138px 0 138px 0\">\n\t\t\t\t\t<\/div>\n\t<\/div>\n<\/div><div class=\"edgtf-eh-item edgtf-horizontal-alignment-center lazyload\" style=\"background-image:inherit\" data-item-class=\"edgtf-eh-custom-730173\" data-768-1024=\"250px 0 250px 0\" data-480-600=\"174px 0 187px 0\" data-480=\"174px 0 187px 0\" data-bg-image=\"url(http:\/\/simithouse.pl\/wp-content\/uploads\/2024\/07\/276207059_154094913694104_5852397703500486121_n-scaled.jpg)\">\n\t<div class=\"edgtf-eh-item-inner\">\n\t\t<div class=\"edgtf-eh-item-content edgtf-eh-custom-730173\" style=\"padding: 138px 0 138px 0\">\n\t\t\t\t\t<\/div>\n\t<\/div>\n<\/div><\/div>[\/vc_column][\/vc_row]<\/p>\n<\/section>","protected":false},"excerpt":{"rendered":"<p>[vc_row css=&#8221;.vc_custom_1488975318814{padding-top: 59px !important;background-color: #f6f6f6 !important;}&#8221;][vc_column][vc_row_inner row_content_width=&#8221;grid&#8221;][vc_column_inner][vc_empty_space height=&#8221;50px&#8221;][\/vc_column_inner][\/vc_row_inner][\/vc_column][\/vc_row][vc_row][vc_column css=&#8221;.vc_custom_1488884418942{padding-top: 0px !important;}&#8221;][\/vc_column][\/vc_row]<\/p>\n","protected":false},"author":1,"featured_media":0,"parent":0,"menu_order":0,"comment_status":"closed","ping_status":"closed","template":"full-width.php","meta":{"footnotes":""},"class_list":["post-8772","page","type-page","status-publish","hentry"],"_links":{"self":[{"href":"http:\/\/simithouse.pl\/index.php\/wp-json\/wp\/v2\/pages\/8772","targetHints":{"allow":["GET"]}}],"collection":[{"href":"http:\/\/simithouse.pl\/index.php\/wp-json\/wp\/v2\/pages"}],"about":[{"href":"http:\/\/simithouse.pl\/index.php\/wp-json\/wp\/v2\/types\/page"}],"author":[{"embeddable":true,"href":"http:\/\/simithouse.pl\/index.php\/wp-json\/wp\/v2\/users\/1"}],"replies":[{"embeddable":true,"href":"http:\/\/simithouse.pl\/index.php\/wp-json\/wp\/v2\/comments?post=8772"}],"version-history":[{"count":9,"href":"http:\/\/simithouse.pl\/index.php\/wp-json\/wp\/v2\/pages\/8772\/revisions"}],"predecessor-version":[{"id":11542,"href":"http:\/\/simithouse.pl\/index.php\/wp-json\/wp\/v2\/pages\/8772\/revisions\/11542"}],"wp:attachment":[{"href":"http:\/\/simithouse.pl\/index.php\/wp-json\/wp\/v2\/media?parent=8772"}],"curies":[{"name":"wp","href":"https:\/\/api.w.org\/{rel}","templated":true}]}}